{"id":24,"date":"2020-03-21T16:05:55","date_gmt":"2020-03-21T16:05:55","guid":{"rendered":"http:\/\/neu.sgdoe.de\/?page_id=24"},"modified":"2025-10-22T16:12:16","modified_gmt":"2025-10-22T16:12:16","slug":"herren2","status":"publish","type":"page","link":"https:\/\/sgdoe.de\/?page_id=24","title":{"rendered":"Herren2"},"content":{"rendered":"\n<p>Herren2 Saison 2025\/2026 <strong>&#8211; Bezirksklasse<\/strong> Gruppe 1<\/p>\n\n\n\n<figure class=\"wp-block-image size-large\"><img loading=\"lazy\" decoding=\"async\" width=\"1024\" height=\"576\" src=\"https:\/\/sgdoe.de\/wp-content\/uploads\/2025\/10\/Mannschaftsbild-Herren-2-1024x576.jpeg\" alt=\"\" class=\"wp-image-1994\" srcset=\"https:\/\/sgdoe.de\/wp-content\/uploads\/2025\/10\/Mannschaftsbild-Herren-2-1024x576.jpeg 1024w, https:\/\/sgdoe.de\/wp-content\/uploads\/2025\/10\/Mannschaftsbild-Herren-2-300x169.jpeg 300w, https:\/\/sgdoe.de\/wp-content\/uploads\/2025\/10\/Mannschaftsbild-Herren-2-768x432.jpeg 768w, https:\/\/sgdoe.de\/wp-content\/uploads\/2025\/10\/Mannschaftsbild-Herren-2-1536x864.jpeg 1536w, https:\/\/sgdoe.de\/wp-content\/uploads\/2025\/10\/Mannschaftsbild-Herren-2-2048x1152.jpeg 2048w, https:\/\/sgdoe.de\/wp-content\/uploads\/2025\/10\/Mannschaftsbild-Herren-2-1920x1080.jpeg 1920w\" sizes=\"auto, (max-width: 1024px) 100vw, 1024px\" \/><\/figure>\n\n\n\n<p><strong>Hintere Reihe von links nach rechts:<\/strong><br>Marius Walter, Hannes Wei\u00df, Julian Wolf, Alexander Krizski, Sebastian Wiaczek, Jan Erdmann, Ren\u00e9 Wurzinger<br><strong>Vordere Reihe von links nach rechts:<\/strong><br>Nico Leichter, David Erg\u00fcn, Michael Strauss, Hagen Lorbert, Niclas Jochim<br><strong>Es fehlen:<\/strong> <br>Mika Butz, Kevin Modes, Benedikt Pfeffer, Jonas Schirmer, Manuel Matranga<\/p>\n\n\n\n<p><strong>Trainer:<\/strong><br>Hannes Wei\u00df (weiss.hannes@gmail.com<br>Marius Walter<\/p>\n\n\n\n<p><strong>Betreuer:<\/strong><br>Rene Wurzinger <br>Sebastian Magnor<\/p>\n\n\n\n<p><strong>Trainingszeiten:<\/strong><br>Dienstag 19.00 &#8211; 20:30 Uhr<br>Donnerstag 20:30 &#8211; 22.00 Uhr<\/p>\n\n\n\n<p><strong>Saisonr\u00fcckblick SG Degmarn Oedheim Herren 2<\/strong><\/p>\n\n\n\n<p>Die Saison war f\u00fcr die SG Degmarn Oedheim Herren 2 zweifellos eine Herausforderung. Nach einem schweren Start in die Spielzeit, der uns von Beginn an unter Druck setzte, k\u00e4mpfte sich die Mannschaft tapfer, konnte den Abstieg aus der Liga jedoch leider nicht verhindern. Trotz dieses R\u00fcckschlags zeigte das Team gerade zum Ende der Saison eine beachtliche Leistungssteigerung und bewies Moral und Kampfgeist. Diese positive Entwicklung in den letzten Spielen ist ein wichtiges Signal und gibt Anlass zur Hoffnung f\u00fcr die kommende Spielzeit.<\/p>\n\n\n\n<h2 class=\"wp-block-heading\"><a><\/a>Ausblick auf die kommende Saison<\/h2>\n\n\n\n<p>Die bevorstehende Saison markiert einen Neuanfang f\u00fcr die SG Degmarn Oedheim Herren 2. Mit der neuen Bezirkszusammenlegung ergeben sich v\u00f6llig neue Konstellationen und wir sind gespannt darauf, wo wir uns in diesem neuen Umfeld positionieren k\u00f6nnen. Unser klares Ziel ist es, uns wieder auf unsere alten St\u00e4rken zu besinnen. Dazu geh\u00f6ren Teamgeist, Kampfbereitschaft und die Freude am Spiel.<\/p>\n\n\n\n<p>Wir wollen die kommende Saison nutzen, um uns in der neuen Liga zu etablieren und herauszufinden, welches Potenzial in der Mannschaft steckt. Dabei steht nicht nur das sportliche Ergebnis im Vordergrund, sondern auch die Weiterentwicklung jedes einzelnen Spielers und des gesamten Teams. Wir sind zuversichtlich, dass wir mit Entschlossenheit und harter Arbeit eine erfolgreiche Saison bestreiten k\u00f6nnen und freuen uns auf die neuen Herausforderungen.<\/p>\n\n\n\n<script>\n(function(e,t,n,r,i,s,o){e[i]=e[i]||function(){(e[i].q=e[i].q||[]).push(arguments)}, e[i].l=1*new Date;s=t.createElement(n),o=t.getElementsByTagName(n)[0];s.async=1; s.src=r;o.parentNode.insertBefore(s,o)})(window,document,\"script\", 'https:\/\/www.handball.net\/widgets\/embed\/v1.js',\"_hb\");\n<\/script>\n<div id='handball-tabelle'><\/div>\n<script>\n_hb({\nwidget: 'tabelle',\nteamId: 'handball4all.baden-wuerttemberg.1326141',\ncontainer: 'handball-tabelle'\n})\n<\/script>\n","protected":false},"excerpt":{"rendered":"<p>Herren2 Saison 2025\/2026 &#8211; Bezirksklasse Gruppe 1 Hintere Reihe von links nach rechts:Marius Walter, Hannes Wei\u00df, Julian Wolf, Alexander Krizski, Sebastian Wiaczek, Jan Erdmann, Ren\u00e9 WurzingerVordere Reihe von links nach rechts:Nico Leichter, David Erg\u00fcn, Michael Strauss, Hagen Lorbert, Niclas JochimEs fehlen: Mika Butz, Kevin Modes, Benedikt Pfeffer, Jonas Schirmer, Manuel Matranga Trainer:Hannes Wei\u00df (weiss.hannes@gmail.comMarius Walter&hellip; <br \/> <a class=\"read-more\" href=\"https:\/\/sgdoe.de\/?page_id=24\">Weiterlesen<\/a><\/p>\n","protected":false},"author":1,"featured_media":0,"parent":18,"menu_order":0,"comment_status":"closed","ping_status":"closed","template":"page-templates\/homepage.php","meta":{"footnotes":""},"class_list":["post-24","page","type-page","status-publish","hentry"],"_links":{"self":[{"href":"https:\/\/sgdoe.de\/index.php?rest_route=\/wp\/v2\/pages\/24","targetHints":{"allow":["GET"]}}],"collection":[{"href":"https:\/\/sgdoe.de\/index.php?rest_route=\/wp\/v2\/pages"}],"about":[{"href":"https:\/\/sgdoe.de\/index.php?rest_route=\/wp\/v2\/types\/page"}],"author":[{"embeddable":true,"href":"https:\/\/sgdoe.de\/index.php?rest_route=\/wp\/v2\/users\/1"}],"replies":[{"embeddable":true,"href":"https:\/\/sgdoe.de\/index.php?rest_route=%2Fwp%2Fv2%2Fcomments&post=24"}],"version-history":[{"count":21,"href":"https:\/\/sgdoe.de\/index.php?rest_route=\/wp\/v2\/pages\/24\/revisions"}],"predecessor-version":[{"id":2004,"href":"https:\/\/sgdoe.de\/index.php?rest_route=\/wp\/v2\/pages\/24\/revisions\/2004"}],"up":[{"embeddable":true,"href":"https:\/\/sgdoe.de\/index.php?rest_route=\/wp\/v2\/pages\/18"}],"wp:attachment":[{"href":"https:\/\/sgdoe.de\/index.php?rest_route=%2Fwp%2Fv2%2Fmedia&parent=24"}],"curies":[{"name":"wp","href":"https:\/\/api.w.org\/{rel}","templated":true}]}}