{"id":433,"date":"2020-10-06T05:48:06","date_gmt":"2020-10-06T05:48:06","guid":{"rendered":"http:\/\/sgdoe.de\/?page_id=433"},"modified":"2022-08-29T15:28:35","modified_gmt":"2022-08-29T15:28:35","slug":"frauen-f-30","status":"publish","type":"page","link":"https:\/\/sgdoe.de\/?page_id=433","title":{"rendered":"Frauen F-30"},"content":{"rendered":"\n<p><strong>Frauen \u00dc30 &#8211; GoldenGirls!!!!<\/strong><\/p>\n\n\n\n<figure class=\"wp-block-image size-large\"><img loading=\"lazy\" decoding=\"async\" width=\"1024\" height=\"751\" src=\"https:\/\/sgdoe.de\/wp-content\/uploads\/2022\/08\/IMG_6465-1-1024x751.jpg\" alt=\"\" class=\"wp-image-1063\" srcset=\"https:\/\/sgdoe.de\/wp-content\/uploads\/2022\/08\/IMG_6465-1-1024x751.jpg 1024w, https:\/\/sgdoe.de\/wp-content\/uploads\/2022\/08\/IMG_6465-1-300x220.jpg 300w, https:\/\/sgdoe.de\/wp-content\/uploads\/2022\/08\/IMG_6465-1-768x563.jpg 768w, https:\/\/sgdoe.de\/wp-content\/uploads\/2022\/08\/IMG_6465-1-1536x1126.jpg 1536w, https:\/\/sgdoe.de\/wp-content\/uploads\/2022\/08\/IMG_6465-1-2048x1502.jpg 2048w, https:\/\/sgdoe.de\/wp-content\/uploads\/2022\/08\/IMG_6465-1-1473x1080.jpg 1473w\" sizes=\"auto, (max-width: 1024px) 100vw, 1024px\" \/><figcaption><strong>Von links nach rechts:<\/strong><br>Jasmin Neuber, Janina Loleit, Kathrin Siegmann, Simone Karle, Ann-Sophie Ruck, Amelie Loleit, Tina Ostertag<br><br><strong>Es fehlen:<\/strong><br>Marion D\u00f6hler, Katharina Odenwald, Sina Jax, Eva Odenwald, Gabi Birn, Isabella Zimmermann, Kathrin M\u00fcller, Melissa Welz, Nadine Franke, Sabine Baier, Vanessa Sandel<br><\/figcaption><\/figure>\n\n\n\n<p>Unser neues \u00dc30 Frauenteam. <br><strong>Stehend v.l.n.r:<\/strong><br><\/p>\n\n\n\n<p>Trainer G\u00fcnther Keicher<\/p>\n","protected":false},"excerpt":{"rendered":"<p>Frauen \u00dc30 &#8211; GoldenGirls!!!! Unser neues \u00dc30 Frauenteam. Stehend v.l.n.r: Trainer G\u00fcnther Keicher<\/p>\n","protected":false},"author":1,"featured_media":531,"parent":18,"menu_order":0,"comment_status":"closed","ping_status":"closed","template":"page-templates\/homepage.php","meta":{"footnotes":""},"class_list":["post-433","page","type-page","status-publish","has-post-thumbnail","hentry"],"_links":{"self":[{"href":"https:\/\/sgdoe.de\/index.php?rest_route=\/wp\/v2\/pages\/433","targetHints":{"allow":["GET"]}}],"collection":[{"href":"https:\/\/sgdoe.de\/index.php?rest_route=\/wp\/v2\/pages"}],"about":[{"href":"https:\/\/sgdoe.de\/index.php?rest_route=\/wp\/v2\/types\/page"}],"author":[{"embeddable":true,"href":"https:\/\/sgdoe.de\/index.php?rest_route=\/wp\/v2\/users\/1"}],"replies":[{"embeddable":true,"href":"https:\/\/sgdoe.de\/index.php?rest_route=%2Fwp%2Fv2%2Fcomments&post=433"}],"version-history":[{"count":4,"href":"https:\/\/sgdoe.de\/index.php?rest_route=\/wp\/v2\/pages\/433\/revisions"}],"predecessor-version":[{"id":1081,"href":"https:\/\/sgdoe.de\/index.php?rest_route=\/wp\/v2\/pages\/433\/revisions\/1081"}],"up":[{"embeddable":true,"href":"https:\/\/sgdoe.de\/index.php?rest_route=\/wp\/v2\/pages\/18"}],"wp:featuredmedia":[{"embeddable":true,"href":"https:\/\/sgdoe.de\/index.php?rest_route=\/wp\/v2\/media\/531"}],"wp:attachment":[{"href":"https:\/\/sgdoe.de\/index.php?rest_route=%2Fwp%2Fv2%2Fmedia&parent=433"}],"curies":[{"name":"wp","href":"https:\/\/api.w.org\/{rel}","templated":true}]}}